{"id":12,"date":"2025-04-12T11:01:49","date_gmt":"2025-04-12T09:01:49","guid":{"rendered":"https:\/\/musee-vanneries.fr\/?page_id=12"},"modified":"2026-08-07T15:03:35","modified_gmt":"2026-08-07T13:03:35","slug":"le-nouveau-e-mucem-ouvre-ses-portes-2","status":"publish","type":"page","link":"https:\/\/musee-vanneries.fr\/","title":{"rendered":"Bienvenue !"},"content":{"rendered":"<ul class=\"wp-block-latest-posts__list wp-block-latest-posts is-layout-flow wp-block-latest-posts-is-layout-flow\"><li><div class=\"wp-block-latest-posts__featured-image aligncenter\"><a href=\"https:\/\/musee-vanneries.fr\/index.php\/2026\/06\/30\/ateliers-decouverte-aout-2026\/\" aria-label=\"Ateliers d\u00e9couverte Ao\u00fbt 2026\"><img loading=\"lazy\" decoding=\"async\" width=\"211\" height=\"300\" src=\"https:\/\/musee-vanneries.fr\/wp-content\/uploads\/2026\/06\/Ateliers-vannerie-Aout-2026-211x300.png\" class=\"attachment-medium size-medium wp-post-image\" alt=\"\" style=\"max-width:300px;max-height:300px;\" srcset=\"https:\/\/musee-vanneries.fr\/wp-content\/uploads\/2026\/06\/Ateliers-vannerie-Aout-2026-211x300.png 211w, https:\/\/musee-vanneries.fr\/wp-content\/uploads\/2026\/06\/Ateliers-vannerie-Aout-2026-721x1024.png 721w, https:\/\/musee-vanneries.fr\/wp-content\/uploads\/2026\/06\/Ateliers-vannerie-Aout-2026-768x1091.png 768w, https:\/\/musee-vanneries.fr\/wp-content\/uploads\/2026\/06\/Ateliers-vannerie-Aout-2026-1081x1536.png 1081w, https:\/\/musee-vanneries.fr\/wp-content\/uploads\/2026\/06\/Ateliers-vannerie-Aout-2026.png 1112w\" sizes=\"auto, (max-width: 211px) 100vw, 211px\" \/><\/a><\/div><a class=\"wp-block-latest-posts__post-title\" href=\"https:\/\/musee-vanneries.fr\/index.php\/2026\/06\/30\/ateliers-decouverte-aout-2026\/\">Ateliers d\u00e9couverte Ao\u00fbt 2026<\/a><div class=\"wp-block-latest-posts__post-excerpt\">Atelier d\u00e9couverte de la vannerie Venez concevoir seul ou en famille votre d\u00e9coration.Ateliers : Les mercredis 5, 12, 19 et 26 ao\u00fbtde 14h \u00e0 16h ou de 16h \u00e0 18hD\u00e8s 3 ans, \u00e0 partir de 14\u20ac Visite : Un panier comment ca poussede 10h \u00e0 13hTarifs:Adulte 12\u20acEnfant de 4 \u00e0 14 ans 6\u20acForfait famille 2\u2026 <a class=\"wp-block-latest-posts__read-more\" href=\"https:\/\/musee-vanneries.fr\/index.php\/2026\/06\/30\/ateliers-decouverte-aout-2026\/\" rel=\"noopener\">Read more<span class=\"screen-reader-text\">: Ateliers d\u00e9couverte Ao\u00fbt 2026<\/span><\/a><\/div><\/li>\n<li><div class=\"wp-block-latest-posts__featured-image aligncenter\"><a href=\"https:\/\/musee-vanneries.fr\/index.php\/2026\/04\/05\/vanneries-fines-declisse\/\" aria-label=\"Vanneries fines d&#8217;\u00e9clisse\"><img loading=\"lazy\" decoding=\"async\" width=\"214\" height=\"300\" src=\"https:\/\/musee-vanneries.fr\/wp-content\/uploads\/2026\/04\/affiche_eclisse82026-214x300.png\" class=\"attachment-medium size-medium wp-post-image\" alt=\"\" style=\"max-width:300px;max-height:300px;\" srcset=\"https:\/\/musee-vanneries.fr\/wp-content\/uploads\/2026\/04\/affiche_eclisse82026-214x300.png 214w, https:\/\/musee-vanneries.fr\/wp-content\/uploads\/2026\/04\/affiche_eclisse82026.png 581w\" sizes=\"auto, (max-width: 214px) 100vw, 214px\" \/><\/a><\/div><a class=\"wp-block-latest-posts__post-title\" href=\"https:\/\/musee-vanneries.fr\/index.php\/2026\/04\/05\/vanneries-fines-declisse\/\">Vanneries fines d&#8217;\u00e9clisse<\/a><div class=\"wp-block-latest-posts__post-excerpt\">par Bernard BennavalDu 4 Avril au 1er Novembre 2026 Bernard Bennaval est n\u00e9 en 1956 dans le loraguais r\u00e9gion d&#8217;Occitanie et vie maintenant dans le Berry. Ses parents \u00e9taient sabotiers, il d\u00e9couvre la vannerie avec son grand p\u00e8re a l&#8217;age de 7 ans, il r\u00e9alisera son premier panier en osier rond. Adolescent il part apprendre\u2026 <a class=\"wp-block-latest-posts__read-more\" href=\"https:\/\/musee-vanneries.fr\/index.php\/2026\/04\/05\/vanneries-fines-declisse\/\" rel=\"noopener\">Read more<span class=\"screen-reader-text\">: Vanneries fines d&#8217;\u00e9clisse<\/span><\/a><\/div><\/li>\n<li><div class=\"wp-block-latest-posts__featured-image aligncenter\"><a href=\"https:\/\/musee-vanneries.fr\/index.php\/2025\/07\/25\/une-histoire-de-panier-le-rustique\/\" aria-label=\"Une histoire de panier    &#8220;Le rustique&#8221;\"><img loading=\"lazy\" decoding=\"async\" width=\"212\" height=\"300\" src=\"https:\/\/musee-vanneries.fr\/wp-content\/uploads\/2025\/07\/AFFICHE-ECOV-1-212x300.png\" class=\"attachment-medium size-medium wp-post-image\" alt=\"\" style=\"max-width:300px;max-height:300px;\" srcset=\"https:\/\/musee-vanneries.fr\/wp-content\/uploads\/2025\/07\/AFFICHE-ECOV-1-212x300.png 212w, https:\/\/musee-vanneries.fr\/wp-content\/uploads\/2025\/07\/AFFICHE-ECOV-1-724x1024.png 724w, https:\/\/musee-vanneries.fr\/wp-content\/uploads\/2025\/07\/AFFICHE-ECOV-1-768x1086.png 768w, https:\/\/musee-vanneries.fr\/wp-content\/uploads\/2025\/07\/AFFICHE-ECOV-1-1086x1536.png 1086w, https:\/\/musee-vanneries.fr\/wp-content\/uploads\/2025\/07\/AFFICHE-ECOV-1-1448x2048.png 1448w, https:\/\/musee-vanneries.fr\/wp-content\/uploads\/2025\/07\/AFFICHE-ECOV-1-1200x1697.png 1200w, https:\/\/musee-vanneries.fr\/wp-content\/uploads\/2025\/07\/AFFICHE-ECOV-1.png 1654w\" sizes=\"auto, (max-width: 212px) 100vw, 212px\" \/><\/a><\/div><a class=\"wp-block-latest-posts__post-title\" href=\"https:\/\/musee-vanneries.fr\/index.php\/2025\/07\/25\/une-histoire-de-panier-le-rustique\/\">Une histoire de panier    &#8220;Le rustique&#8221;<\/a><div class=\"wp-block-latest-posts__post-excerpt\">Il apparait sous le r\u00e8gne de Napol\u00e9on III, dans la bourgeoisie parisienne par effet de mode, et devient incontournable, tr\u00e8s utilis\u00e9 dans les guinguettes sur les bords de la Marne et de la Seine et lors du pique-nique du dimanche. R\u00e9alise en rotin (mat\u00e9riau import\u00e9 d\u2019Indon\u00e9sie principalement de l\u2019ile de BORN\u00c9O) liane qui peut atteindre\u2026 <a class=\"wp-block-latest-posts__read-more\" href=\"https:\/\/musee-vanneries.fr\/index.php\/2025\/07\/25\/une-histoire-de-panier-le-rustique\/\" rel=\"noopener\">Read more<span class=\"screen-reader-text\">: Une histoire de panier    &#8220;Le rustique&#8221;<\/span><\/a><\/div><\/li>\n<\/ul>\n\n\n<div class=\"alignnormal\"><div id=\"metaslider-id-122\" style=\"width: 100%;\" class=\"ml-slider-3-108-0 metaslider metaslider-flex metaslider-122 ml-slider has-dots-nav ms-theme-default-base\" role=\"region\" aria-label=\"All photos\" data-height=\"300\" data-width=\"700\">\n    <div id=\"metaslider_container_122\">\n        <div id=\"metaslider_122\">\n            <ul aria-live='off' class='slides'>\n                <li style=\"display: block; width: 100%;\" class=\"slide-144 ms-image \" aria-roledescription=\"slide\" data-date=\"2026-04-21 13:01:25\" data-filename=\"AFFICHE-ECOV-1-700x300.png\" data-slide-type=\"image\"><img loading=\"lazy\" decoding=\"async\" src=\"https:\/\/musee-vanneries.fr\/wp-content\/uploads\/2025\/07\/AFFICHE-ECOV-1-700x300.png\" height=\"300\" width=\"700\" alt=\"\" class=\"slider-122 slide-144 msDefaultImage\" title=\"AFFICHE ECOV-1\" \/><\/li>\n                <li style=\"display: none; width: 100%;\" class=\"slide-123 ms-image \" aria-roledescription=\"slide\" data-date=\"2026-03-03 10:59:23\" data-filename=\"rustiques_3-700x300.png\" data-slide-type=\"image\"><img loading=\"lazy\" decoding=\"async\" src=\"https:\/\/musee-vanneries.fr\/wp-content\/uploads\/2025\/07\/rustiques_3-700x300.png\" height=\"300\" width=\"700\" alt=\"\" class=\"slider-122 slide-123 msDefaultImage\" title=\"rustiques_3\" \/><\/li>\n                <li style=\"display: none; width: 100%;\" class=\"slide-125 ms-image \" aria-roledescription=\"slide\" data-date=\"2026-03-03 10:59:42\" data-filename=\"rustiques_4-700x300.png\" data-slide-type=\"image\"><img loading=\"lazy\" decoding=\"async\" src=\"https:\/\/musee-vanneries.fr\/wp-content\/uploads\/2025\/07\/rustiques_4-700x300.png\" height=\"300\" width=\"700\" alt=\"\" class=\"slider-122 slide-125 msDefaultImage\" title=\"rustiques_4\" \/><\/li>\n                <li style=\"display: none; width: 100%;\" class=\"slide-126 ms-image \" aria-roledescription=\"slide\" data-date=\"2026-03-03 10:59:53\" data-filename=\"rustiques_2-600x257.png\" data-slide-type=\"image\"><img loading=\"lazy\" decoding=\"async\" src=\"https:\/\/musee-vanneries.fr\/wp-content\/uploads\/2025\/07\/rustiques_2-600x257.png\" height=\"300\" width=\"700\" alt=\"\" class=\"slider-122 slide-126 msDefaultImage\" title=\"rustiques_2\" \/><\/li>\n                <li style=\"display: none; width: 100%;\" class=\"slide-127 ms-image \" aria-roledescription=\"slide\" data-date=\"2026-03-03 11:00:05\" data-filename=\"rustiques_1-581x248.png\" data-slide-type=\"image\"><img loading=\"lazy\" decoding=\"async\" src=\"https:\/\/musee-vanneries.fr\/wp-content\/uploads\/2025\/07\/rustiques_1-581x248.png\" height=\"300\" width=\"700\" alt=\"\" class=\"slider-122 slide-127 msDefaultImage\" title=\"rustiques_1\" \/><\/li>\n                <li style=\"display: none; width: 100%;\" class=\"slide-145 ms-image \" aria-roledescription=\"slide\" data-date=\"2026-04-21 13:01:55\" data-filename=\"affiche_eclisse82026-581x248.png\" data-slide-type=\"image\"><img loading=\"lazy\" decoding=\"async\" src=\"https:\/\/musee-vanneries.fr\/wp-content\/uploads\/2026\/04\/affiche_eclisse82026-581x248.png\" height=\"300\" width=\"700\" alt=\"\" class=\"slider-122 slide-145 msDefaultImage\" title=\"affiche_eclisse82026\" \/><\/li>\n            <\/ul>\n        <\/div>\n        \n    <\/div>\n<\/div><\/div>\n","protected":false},"excerpt":{"rendered":"","protected":false},"author":1,"featured_media":0,"parent":0,"menu_order":0,"comment_status":"closed","ping_status":"closed","template":"","meta":{"footnotes":""},"class_list":["post-12","page","type-page","status-publish","hentry"],"_links":{"self":[{"href":"https:\/\/musee-vanneries.fr\/index.php\/wp-json\/wp\/v2\/pages\/12","targetHints":{"allow":["GET"]}}],"collection":[{"href":"https:\/\/musee-vanneries.fr\/index.php\/wp-json\/wp\/v2\/pages"}],"about":[{"href":"https:\/\/musee-vanneries.fr\/index.php\/wp-json\/wp\/v2\/types\/page"}],"author":[{"embeddable":true,"href":"https:\/\/musee-vanneries.fr\/index.php\/wp-json\/wp\/v2\/users\/1"}],"replies":[{"embeddable":true,"href":"https:\/\/musee-vanneries.fr\/index.php\/wp-json\/wp\/v2\/comments?post=12"}],"version-history":[{"count":8,"href":"https:\/\/musee-vanneries.fr\/index.php\/wp-json\/wp\/v2\/pages\/12\/revisions"}],"predecessor-version":[{"id":180,"href":"https:\/\/musee-vanneries.fr\/index.php\/wp-json\/wp\/v2\/pages\/12\/revisions\/180"}],"wp:attachment":[{"href":"https:\/\/musee-vanneries.fr\/index.php\/wp-json\/wp\/v2\/media?parent=12"}],"curies":[{"name":"wp","href":"https:\/\/api.w.org\/{rel}","templated":true}]}}

<ul class="wp-block-latest-posts__list wp-block-latest-posts is-layout-flow wp-block-latest-posts-is-layout-flow"><li><div class="wp-block-latest-posts__featured-image aligncenter"><a href="https://musee-vanneries.fr/index.php/2026/06/30/ateliers-decouverte-aout-2026/" aria-label="Ateliers découverte Août 2026"><img loading="lazy" decoding="async" width="211" height="300" src="https://musee-vanneries.fr/wp-content/uploads/2026/06/Ateliers-vannerie-Aout-2026-211x300.png" class="attachment-medium size-medium wp-post-image" alt="" style="max-width:300px;max-height:300px;" srcset="https://musee-vanneries.fr/wp-content/uploads/2026/06/Ateliers-vannerie-Aout-2026-211x300.png 211w, https://musee-vanneries.fr/wp-content/uploads/2026/06/Ateliers-vannerie-Aout-2026-721x1024.png 721w, https://musee-vanneries.fr/wp-content/uploads/2026/06/Ateliers-vannerie-Aout-2026-768x1091.png 768w, https://musee-vanneries.fr/wp-content/uploads/2026/06/Ateliers-vannerie-Aout-2026-1081x1536.png 1081w, https://musee-vanneries.fr/wp-content/uploads/2026/06/Ateliers-vannerie-Aout-2026.png 1112w" sizes="auto, (max-width: 211px) 100vw, 211px" /></a></div><a class="wp-block-latest-posts__post-title" href="https://musee-vanneries.fr/index.php/2026/06/30/ateliers-decouverte-aout-2026/">Ateliers découverte Août 2026</a><div class="wp-block-latest-posts__post-excerpt">Atelier découverte de la vannerie Venez concevoir seul ou en famille votre décoration.Ateliers : Les mercredis 5, 12, 19 et 26 aoûtde 14h à 16h ou de 16h à 18hDès 3 ans, à partir de 14€ Visite : Un panier comment ca poussede 10h à 13hTarifs:Adulte 12€Enfant de 4 à 14 ans 6€Forfait famille 2… <a class="wp-block-latest-posts__read-more" href="https://musee-vanneries.fr/index.php/2026/06/30/ateliers-decouverte-aout-2026/" rel="noopener">Read more<span class="screen-reader-text">: Ateliers découverte Août 2026</span></a></div></li>
<li><div class="wp-block-latest-posts__featured-image aligncenter"><a href="https://musee-vanneries.fr/index.php/2026/04/05/vanneries-fines-declisse/" aria-label="Vanneries fines d&#8217;éclisse"><img loading="lazy" decoding="async" width="214" height="300" src="https://musee-vanneries.fr/wp-content/uploads/2026/04/affiche_eclisse82026-214x300.png" class="attachment-medium size-medium wp-post-image" alt="" style="max-width:300px;max-height:300px;" srcset="https://musee-vanneries.fr/wp-content/uploads/2026/04/affiche_eclisse82026-214x300.png 214w, https://musee-vanneries.fr/wp-content/uploads/2026/04/affiche_eclisse82026.png 581w" sizes="auto, (max-width: 214px) 100vw, 214px" /></a></div><a class="wp-block-latest-posts__post-title" href="https://musee-vanneries.fr/index.php/2026/04/05/vanneries-fines-declisse/">Vanneries fines d&#8217;éclisse</a><div class="wp-block-latest-posts__post-excerpt">par Bernard BennavalDu 4 Avril au 1er Novembre 2026 Bernard Bennaval est né en 1956 dans le loraguais région d&#8217;Occitanie et vie maintenant dans le Berry. Ses parents étaient sabotiers, il découvre la vannerie avec son grand père a l&#8217;age de 7 ans, il réalisera son premier panier en osier rond. Adolescent il part apprendre… <a class="wp-block-latest-posts__read-more" href="https://musee-vanneries.fr/index.php/2026/04/05/vanneries-fines-declisse/" rel="noopener">Read more<span class="screen-reader-text">: Vanneries fines d&#8217;éclisse</span></a></div></li>
<li><div class="wp-block-latest-posts__featured-image aligncenter"><a href="https://musee-vanneries.fr/index.php/2025/07/25/une-histoire-de-panier-le-rustique/" aria-label="Une histoire de panier    &#8220;Le rustique&#8221;"><img loading="lazy" decoding="async" width="212" height="300" src="https://musee-vanneries.fr/wp-content/uploads/2025/07/AFFICHE-ECOV-1-212x300.png" class="attachment-medium size-medium wp-post-image" alt="" style="max-width:300px;max-height:300px;" srcset="https://musee-vanneries.fr/wp-content/uploads/2025/07/AFFICHE-ECOV-1-212x300.png 212w, https://musee-vanneries.fr/wp-content/uploads/2025/07/AFFICHE-ECOV-1-724x1024.png 724w, https://musee-vanneries.fr/wp-content/uploads/2025/07/AFFICHE-ECOV-1-768x1086.png 768w, https://musee-vanneries.fr/wp-content/uploads/2025/07/AFFICHE-ECOV-1-1086x1536.png 1086w, https://musee-vanneries.fr/wp-content/uploads/2025/07/AFFICHE-ECOV-1-1448x2048.png 1448w, https://musee-vanneries.fr/wp-content/uploads/2025/07/AFFICHE-ECOV-1-1200x1697.png 1200w, https://musee-vanneries.fr/wp-content/uploads/2025/07/AFFICHE-ECOV-1.png 1654w" sizes="auto, (max-width: 212px) 100vw, 212px" /></a></div><a class="wp-block-latest-posts__post-title" href="https://musee-vanneries.fr/index.php/2025/07/25/une-histoire-de-panier-le-rustique/">Une histoire de panier    &#8220;Le rustique&#8221;</a><div class="wp-block-latest-posts__post-excerpt">Il apparait sous le règne de Napoléon III, dans la bourgeoisie parisienne par effet de mode, et devient incontournable, très utilisé dans les guinguettes sur les bords de la Marne et de la Seine et lors du pique-nique du dimanche. Réalise en rotin (matériau importé d’Indonésie principalement de l’ile de BORNÉO) liane qui peut atteindre… <a class="wp-block-latest-posts__read-more" href="https://musee-vanneries.fr/index.php/2025/07/25/une-histoire-de-panier-le-rustique/" rel="noopener">Read more<span class="screen-reader-text">: Une histoire de panier    &#8220;Le rustique&#8221;</span></a></div></li>
</ul>


<div class="alignnormal"><div id="metaslider-id-122" style="width: 100%;" class="ml-slider-3-108-0 metaslider metaslider-flex metaslider-122 ml-slider has-dots-nav ms-theme-default-base" role="region" aria-label="All photos" data-height="300" data-width="700">
    <div id="metaslider_container_122">
        <div id="metaslider_122">
            <ul aria-live='off' class='slides'>
                <li style="display: block; width: 100%;" class="slide-144 ms-image " aria-roledescription="slide" data-date="2026-04-21 13:01:25" data-filename="AFFICHE-ECOV-1-700x300.png" data-slide-type="image"><img loading="lazy" decoding="async" src="https://musee-vanneries.fr/wp-content/uploads/2025/07/AFFICHE-ECOV-1-700x300.png" height="300" width="700" alt="" class="slider-122 slide-144 msDefaultImage" title="AFFICHE ECOV-1" /></li>
                <li style="display: none; width: 100%;" class="slide-123 ms-image " aria-roledescription="slide" data-date="2026-03-03 10:59:23" data-filename="rustiques_3-700x300.png" data-slide-type="image"><img loading="lazy" decoding="async" src="https://musee-vanneries.fr/wp-content/uploads/2025/07/rustiques_3-700x300.png" height="300" width="700" alt="" class="slider-122 slide-123 msDefaultImage" title="rustiques_3" /></li>
                <li style="display: none; width: 100%;" class="slide-125 ms-image " aria-roledescription="slide" data-date="2026-03-03 10:59:42" data-filename="rustiques_4-700x300.png" data-slide-type="image"><img loading="lazy" decoding="async" src="https://musee-vanneries.fr/wp-content/uploads/2025/07/rustiques_4-700x300.png" height="300" width="700" alt="" class="slider-122 slide-125 msDefaultImage" title="rustiques_4" /></li>
                <li style="display: none; width: 100%;" class="slide-126 ms-image " aria-roledescription="slide" data-date="2026-03-03 10:59:53" data-filename="rustiques_2-600x257.png" data-slide-type="image"><img loading="lazy" decoding="async" src="https://musee-vanneries.fr/wp-content/uploads/2025/07/rustiques_2-600x257.png" height="300" width="700" alt="" class="slider-122 slide-126 msDefaultImage" title="rustiques_2" /></li>
                <li style="display: none; width: 100%;" class="slide-127 ms-image " aria-roledescription="slide" data-date="2026-03-03 11:00:05" data-filename="rustiques_1-581x248.png" data-slide-type="image"><img loading="lazy" decoding="async" src="https://musee-vanneries.fr/wp-content/uploads/2025/07/rustiques_1-581x248.png" height="300" width="700" alt="" class="slider-122 slide-127 msDefaultImage" title="rustiques_1" /></li>
                <li style="display: none; width: 100%;" class="slide-145 ms-image " aria-roledescription="slide" data-date="2026-04-21 13:01:55" data-filename="affiche_eclisse82026-581x248.png" data-slide-type="image"><img loading="lazy" decoding="async" src="https://musee-vanneries.fr/wp-content/uploads/2026/04/affiche_eclisse82026-581x248.png" height="300" width="700" alt="" class="slider-122 slide-145 msDefaultImage" title="affiche_eclisse82026" /></li>
            </ul>
        </div>
        
    </div>
</div></div>
