{"id":62,"date":"2025-04-12T16:48:49","date_gmt":"2025-04-12T14:48:49","guid":{"rendered":"https:\/\/musee-vanneries.fr\/?page_id=62"},"modified":"2025-06-14T16:11:45","modified_gmt":"2025-06-14T14:11:45","slug":"a-decouvrir-aussi","status":"publish","type":"page","link":"https:\/\/musee-vanneries.fr\/index.php\/a-decouvrir-aussi\/","title":{"rendered":"A d\u00e9couvrir aussi"},"content":{"rendered":"\n<h3 class=\"wp-block-heading\">Autres sites \u00e0 d\u00e9couvrir sur la vannerie<\/h3>\n\n\n\n<p><a href=\"http:\/\/www.vaucluse.fr\/596-le-musee-de-la-vannerie-cadenet.htm\" target=\"_blank\" rel=\"noreferrer noopener\">Le mus\u00e9e de la vannerie \u00e0 Cadenet<\/a><\/p>\n\n\n\n<p><a href=\"http:\/\/www.futura-sciences.com\/fr\/environnement\/exploregions\/escapade\/r\/gard-1\/d\/musee-de-la-vannerie-et-de-lartisanat_1698\/\" target=\"_blank\" rel=\"noreferrer noopener\">Le mus\u00e9e de la vannerie et de l&#8217;artisanat de Vallabr\u00e8gues<\/a><\/p>\n\n\n\n<p><a href=\"http:\/\/auvergnaccueil.chez.com\/lemusee.htm\" target=\"_blank\" rel=\"noreferrer noopener\">L&#8217;osarium, mus\u00e9e de la vannerie de Mayet de Montagne<\/a><\/p>\n\n\n\n<p><a href=\"http:\/\/korbmuseum.gemeinde-michelau.de\/index.php?id=0,48\" target=\"_blank\" rel=\"noreferrer noopener\">Un mus\u00e9e allemand de r\u00e9f\u00e9rence sur la vannerie \u00e0 Michelau<\/a><\/p>\n\n\n\n<h3 class=\"wp-block-heading\">Retrouvez sur la toile quelques vanniers et osi\u00e9riculteurs du pays d&#8217;Azay le Rideau<\/h3>\n\n\n\n<p><a href=\"http:\/\/www.vannerie.com\/\" target=\"_blank\" rel=\"noreferrer noopener\">La coop\u00e9rative de Vannerie de Villaines les Rochers<\/a><\/p>\n\n\n\n<p><a href=\"http:\/\/vannerie.osier.over-blog.com\/\" target=\"_blank\" rel=\"noreferrer noopener\">Vannerie osier Etienne M\u00e9t\u00e9zeau<\/a><\/p>\n\n\n\n<p><a href=\"http:\/\/www.osierprod.com\/\" target=\"_blank\" rel=\"noreferrer noopener\">L&#8217;osier de gu\u00e9 droit<\/a><\/p>\n\n\n\n<p><a href=\"http:\/\/osier.romand.monsite-orange.fr\/\" target=\"_blank\" rel=\"noreferrer noopener\">Christophe Romand<\/a><\/p>\n\n\n\n<p><a href=\"http:\/\/www.romand-art.fr\/\" target=\"_blank\" rel=\"noreferrer noopener\">Catherine Romand<\/a><\/p>\n\n\n\n<p><a href=\"http:\/\/www.saule-osier.biz\/\" target=\"_blank\" rel=\"noreferrer noopener\">Du saule \u00e0 l&#8217;osier &#8211; Corentin Bizi\u00e8re<\/a><\/p>\n\n\n\n<p><a href=\"http:\/\/plumeetbrindosier.com\" data-type=\"link\" data-id=\"http:\/\/plumeetbrindosier.com\">Plume et Brin d&#8217;osier<\/a><\/p>\n\n\n\n<p><a href=\"http:\/\/lespaniersdhelene.com\" data-type=\"link\" data-id=\"lespaniersdhelene.com\">Centre d&#8217;art autour de l&#8217;osier MH Metezeau<\/a><\/p>\n\n\n\n<h3 class=\"wp-block-heading\">Nos partenaires<\/h3>\n\n\n\n<p><a href=\"http:\/\/www.villaineslesrochers.com\" target=\"_blank\" rel=\"noreferrer noopener\">Commune de Villaines les Rochers<\/a><\/p>\n\n\n\n<p><a href=\"http:\/\/www.ot-paysazaylerideau.com\/presentation\/p-presentation.htm\" target=\"_blank\" rel=\"noreferrer noopener\">Communaut\u00e9 de communes de la Vall\u00e9e de l&#8217;Indre<\/a><\/p>\n\n\n\n<p><a href=\"http:\/\/www.parc-loire-anjou-touraine.fr\/\" target=\"_blank\" rel=\"noreferrer noopener\">Parc naturel r\u00e9gional Loire Anjou-Touraine<\/a><\/p>\n\n\n\n<p><a href=\"http:\/\/www.ot-paysazaylerideau.com\/tourisme\/p-tourisme.htm\" target=\"_blank\" rel=\"noreferrer noopener\">Office de tourisme d&#8217;Azay le Rideau<\/a><\/p>\n\n\n\n<p><a href=\"https:\/\/www.museescentre.com\/\" target=\"_blank\" rel=\"noreferrer noopener\">mus\u00e9es de la r\u00e9gion centre val de loire<\/a><\/p>\n\n\n\n<p><a href=\"http:\/\/www.afma.asso.fr\/\" target=\"_blank\" rel=\"noreferrer noopener\">F\u00e9d\u00e9ration des mus\u00e9es d&#8217;Agriculture et du patrimoine rural<\/a><\/p>\n\n\n\n<p><\/p>\n","protected":false},"excerpt":{"rendered":"<p>Autres sites \u00e0 d\u00e9couvrir sur la vannerie Le mus\u00e9e de la vannerie \u00e0 Cadenet Le mus\u00e9e de la vannerie et de l&#8217;artisanat de Vallabr\u00e8gues L&#8217;osarium, mus\u00e9e de la vannerie de Mayet de Montagne Un mus\u00e9e allemand de r\u00e9f\u00e9rence sur la vannerie \u00e0 Michelau Retrouvez sur la toile quelques vanniers et osi\u00e9riculteurs du pays d&#8217;Azay le [&hellip;]<\/p>\n","protected":false},"author":1,"featured_media":0,"parent":0,"menu_order":0,"comment_status":"closed","ping_status":"closed","template":"","meta":{"footnotes":""},"class_list":["post-62","page","type-page","status-publish","hentry"],"_links":{"self":[{"href":"https:\/\/musee-vanneries.fr\/index.php\/wp-json\/wp\/v2\/pages\/62","targetHints":{"allow":["GET"]}}],"collection":[{"href":"https:\/\/musee-vanneries.fr\/index.php\/wp-json\/wp\/v2\/pages"}],"about":[{"href":"https:\/\/musee-vanneries.fr\/index.php\/wp-json\/wp\/v2\/types\/page"}],"author":[{"embeddable":true,"href":"https:\/\/musee-vanneries.fr\/index.php\/wp-json\/wp\/v2\/users\/1"}],"replies":[{"embeddable":true,"href":"https:\/\/musee-vanneries.fr\/index.php\/wp-json\/wp\/v2\/comments?post=62"}],"version-history":[{"count":5,"href":"https:\/\/musee-vanneries.fr\/index.php\/wp-json\/wp\/v2\/pages\/62\/revisions"}],"predecessor-version":[{"id":89,"href":"https:\/\/musee-vanneries.fr\/index.php\/wp-json\/wp\/v2\/pages\/62\/revisions\/89"}],"wp:attachment":[{"href":"https:\/\/musee-vanneries.fr\/index.php\/wp-json\/wp\/v2\/media?parent=62"}],"curies":[{"name":"wp","href":"https:\/\/api.w.org\/{rel}","templated":true}]}}